{"id":23,"date":"2016-01-23T19:58:12","date_gmt":"2016-01-23T18:58:12","guid":{"rendered":"http:\/\/www.ssf-stuttgart.de\/wordpress\/?page_id=23"},"modified":"2023-12-12T13:21:30","modified_gmt":"2023-12-12T12:21:30","slug":"wurmberg","status":"publish","type":"page","link":"http:\/\/www.ssf-stuttgart.de\/wordpress\/park\/wurmberg\/","title":{"rendered":"Wurmberg"},"content":{"rendered":"<h3>Wir \u00fcber uns&#8230;<\/h3>\n<p>Die Gemeinde Wurmberg mit den Ortsteilen Wurmberg und Neub\u00e4rental liegt am Rand des n\u00f6rdlichen Schwarzwaldes im Heckeng\u00e4u. Die Landschaft ist gepr\u00e4gt durch Wacholderheiden, Streuobstwiesen und Feldhecken.<\/p>\n<p>Mit ihren ca. 3000 Einwohnern liegt die Gemeinde Wurmberg verkehrsg\u00fcnstig zu Pforzheim (7 km) und etwa gleich weit (40 km) entfernt von Stuttgart und Karlsruhe.<\/p>\n<p>In ca. 3 bzw. 6 km Entfernung liegen die Autobahnanschl\u00fcsse der BAB A8 Karlsruhe-Stuttgart mit den Anschlussstellen Pforzheim-S\u00fcd\/Wurmberg oder Pforzheim-Ost.<\/p>\n<p>Von unserem Freizeitpark aus sind es etwa 800 m bis zur Ortsmitte. Dort findet man ein &#8222;Komm-In Center&#8220;, Geldautomaten, B\u00e4cker und Gastst\u00e4tten.<\/p>\n<p>In ca. 1 km Entfernung sind weitere gute Einkaufsm\u00f6glichkeiten bei gro\u00dfen Superm\u00e4rkten gegeben. Tankstellen (auch Autogas) sind in den Nachbarorten verkehrsg\u00fcnstig zu erreichen.<\/p>\n<p><a href=\"http:\/\/www.wurmberg.de\/\" target=\"_blank\" rel=\"noopener noreferrer\">Homepage der Gemeinde Wurmberg<\/a><\/p>\n<p>Unser Gel\u00e4nde Wurmberg ist hervorragend gelegen, um attraktive Ausflugsziele anfahren zu k\u00f6nnen.<\/p>\n","protected":false},"excerpt":{"rendered":"<p>Wir \u00fcber uns&#8230; Die Gemeinde Wurmberg mit den Ortsteilen Wurmberg und Neub\u00e4rental liegt am Rand des n\u00f6rdlichen Schwarzwaldes im Heckeng\u00e4u. Die Landschaft ist gepr\u00e4gt durch Wacholderheiden, Streuobstwiesen und Feldhecken. Mit ihren ca. 3000 Einwohnern liegt die Gemeinde Wurmberg verkehrsg\u00fcnstig zu Pforzheim (7 km) und etwa gleich weit (40 km) entfernt von Stuttgart und Karlsruhe. In &hellip; <a href=\"http:\/\/www.ssf-stuttgart.de\/wordpress\/park\/wurmberg\/\" class=\"more-link\"><span class=\"screen-reader-text\">Wurmberg<\/span> weiterlesen <span class=\"meta-nav\">&rarr;<\/span><\/a><\/p>\n","protected":false},"author":1,"featured_media":0,"parent":2009,"menu_order":0,"comment_status":"closed","ping_status":"closed","template":"","meta":{"footnotes":""},"class_list":["post-23","page","type-page","status-publish","hentry"],"_links":{"self":[{"href":"http:\/\/www.ssf-stuttgart.de\/wordpress\/wp-json\/wp\/v2\/pages\/23","targetHints":{"allow":["GET"]}}],"collection":[{"href":"http:\/\/www.ssf-stuttgart.de\/wordpress\/wp-json\/wp\/v2\/pages"}],"about":[{"href":"http:\/\/www.ssf-stuttgart.de\/wordpress\/wp-json\/wp\/v2\/types\/page"}],"author":[{"embeddable":true,"href":"http:\/\/www.ssf-stuttgart.de\/wordpress\/wp-json\/wp\/v2\/users\/1"}],"replies":[{"embeddable":true,"href":"http:\/\/www.ssf-stuttgart.de\/wordpress\/wp-json\/wp\/v2\/comments?post=23"}],"version-history":[{"count":5,"href":"http:\/\/www.ssf-stuttgart.de\/wordpress\/wp-json\/wp\/v2\/pages\/23\/revisions"}],"predecessor-version":[{"id":1192,"href":"http:\/\/www.ssf-stuttgart.de\/wordpress\/wp-json\/wp\/v2\/pages\/23\/revisions\/1192"}],"up":[{"embeddable":true,"href":"http:\/\/www.ssf-stuttgart.de\/wordpress\/wp-json\/wp\/v2\/pages\/2009"}],"wp:attachment":[{"href":"http:\/\/www.ssf-stuttgart.de\/wordpress\/wp-json\/wp\/v2\/media?parent=23"}],"curies":[{"name":"wp","href":"https:\/\/api.w.org\/{rel}","templated":true}]}}