{"id":25,"date":"2016-01-23T20:00:14","date_gmt":"2016-01-23T19:00:14","guid":{"rendered":"http:\/\/www.ssf-stuttgart.de\/wordpress\/?page_id=25"},"modified":"2026-02-26T20:14:43","modified_gmt":"2026-02-26T19:14:43","slug":"sport-2","status":"publish","type":"page","link":"http:\/\/www.ssf-stuttgart.de\/wordpress\/sport-2\/","title":{"rendered":"Sport"},"content":{"rendered":"<h3>Das Sportangebot beim SSF<\/h3>\n<div>\n<p>Zu den Hauptsportarten z\u00e4hlen\u00a0 Volleyball, P\u00e9tanque, Tischtennis, Wandern und Nordic Walking. Es gibt f\u00fcr jede Sportart eigene Abteilungen und Fachwarte, die sich um die jeweiligen Belange k\u00fcmmern. Die Sportanlagen werden st\u00e4ndig gepflegt und sind dadurch immer in einem guten Zustand, um den sportbegeisterten Mitgliedern stets zur Verf\u00fcgung zu stehen.<\/p>\n<p>Einige Abteilungen sind haupts\u00e4chlich intern t\u00e4tig und beteiligen sich selten an freundschaftlichen Vergleichsk\u00e4mpfen mit anderen Vereinen. Hier stehen Spa\u00df und Geselligkeit im Mittelpunkt.<\/p>\n<p>Die P\u00e9tanque- und die Volleyballabteilung nehmen an vielen Turnieren bei anderen Vereinen teil bzw. messen sich innerhalb der offiziellen Verbandsrunden. Anf\u00e4nger oder Neumitglieder werden in jeder Sportabteilung gerne aufgenommen und integriert. Wo sonst findet man schneller Kontakt, als unter gleichgesinnten Sportlern.<\/p>\n<p>Das sportliche Highlight des Jahres stellt der Volleyball Uebeles Cup dar, zu dem Mannschaften aus dem ganzen Bundesgebiet und aus der Schweiz anreisen. Er findet immer am Pfingstsamstag und Pfingstsonntag statt. An diesen Tagen haben wir unsere Tore und T\u00fcren f\u00fcr alle, die uns besuchen m\u00f6chten, ge\u00f6ffnet.<\/p>\n<\/div>\n","protected":false},"excerpt":{"rendered":"<p>Das Sportangebot beim SSF Zu den Hauptsportarten z\u00e4hlen\u00a0 Volleyball, P\u00e9tanque, Tischtennis, Wandern und Nordic Walking. Es gibt f\u00fcr jede Sportart eigene Abteilungen und Fachwarte, die sich um die jeweiligen Belange k\u00fcmmern. Die Sportanlagen werden st\u00e4ndig gepflegt und sind dadurch immer in einem guten Zustand, um den sportbegeisterten Mitgliedern stets zur Verf\u00fcgung zu stehen. Einige Abteilungen &hellip; <a href=\"http:\/\/www.ssf-stuttgart.de\/wordpress\/sport-2\/\" class=\"more-link\"><span class=\"screen-reader-text\">Sport<\/span> weiterlesen <span class=\"meta-nav\">&rarr;<\/span><\/a><\/p>\n","protected":false},"author":1,"featured_media":0,"parent":0,"menu_order":3,"comment_status":"closed","ping_status":"closed","template":"","meta":{"footnotes":""},"class_list":["post-25","page","type-page","status-publish","hentry"],"_links":{"self":[{"href":"http:\/\/www.ssf-stuttgart.de\/wordpress\/wp-json\/wp\/v2\/pages\/25","targetHints":{"allow":["GET"]}}],"collection":[{"href":"http:\/\/www.ssf-stuttgart.de\/wordpress\/wp-json\/wp\/v2\/pages"}],"about":[{"href":"http:\/\/www.ssf-stuttgart.de\/wordpress\/wp-json\/wp\/v2\/types\/page"}],"author":[{"embeddable":true,"href":"http:\/\/www.ssf-stuttgart.de\/wordpress\/wp-json\/wp\/v2\/users\/1"}],"replies":[{"embeddable":true,"href":"http:\/\/www.ssf-stuttgart.de\/wordpress\/wp-json\/wp\/v2\/comments?post=25"}],"version-history":[{"count":12,"href":"http:\/\/www.ssf-stuttgart.de\/wordpress\/wp-json\/wp\/v2\/pages\/25\/revisions"}],"predecessor-version":[{"id":2490,"href":"http:\/\/www.ssf-stuttgart.de\/wordpress\/wp-json\/wp\/v2\/pages\/25\/revisions\/2490"}],"wp:attachment":[{"href":"http:\/\/www.ssf-stuttgart.de\/wordpress\/wp-json\/wp\/v2\/media?parent=25"}],"curies":[{"name":"wp","href":"https:\/\/api.w.org\/{rel}","templated":true}]}}