{"id":36,"date":"2016-01-23T20:43:13","date_gmt":"2016-01-23T19:43:13","guid":{"rendered":"http:\/\/www.ssf-stuttgart.de\/wordpress\/?page_id=36"},"modified":"2023-12-18T13:02:08","modified_gmt":"2023-12-18T12:02:08","slug":"wandern-2","status":"publish","type":"page","link":"http:\/\/www.ssf-stuttgart.de\/wordpress\/sport-2\/wandern-2\/","title":{"rendered":"Wandern"},"content":{"rendered":"<h3>Wandern beim SSF<\/h3>\n<p>Wer da glaubt, dass Sonnenfreunde nur nackt auf der Strandmatte liegen und sich den Bauch bescheinen lassen, irrt gewaltig. Jedes Jahr im Fr\u00fchjahr und\/oder im Herbst wandern wir an einem Samstag in der nahen oder weiteren Umgebung unserer Landeshauptstadt. Der Termin hat einen festen Platz im Terminkalender und wird von vielen Mitgliedern gern angenommen. Bei der Auswahl der Treffpunkte zu unseren Wanderungen achten wir auf m\u00f6glichst kurze Anfahrtswege.<\/p>\n<p>Nordschwarzwald, Schw\u00e4bische Alb und auch der Schw\u00e4bische Wald sind bevorzugte Wandergebiete. Meistens besteht unsere Gruppe aus 15 bis 20 Teilnehmern, wobei uns auch Kinder und Bekannte unserer Mitglieder willkommen sind. Die Wanderungen sind circa 10 bis 15 Kilometer lang; daraus ergibt sich eine Wanderzeit von 3 bis 5 Stunden.<\/p>\n<p>Nat\u00fcrlich wird nicht ununterbrochen gewandert, wir halten auch Pausen ein. Bei einer gr\u00f6\u00dferen Pause im Gr\u00fcnen wird unser mitgebrachtes Vesper ausgepackt und verzehrt. Am Ende der Wanderung treffen wir uns meist noch in unserem Vereinsheim, um den Durst zu l\u00f6schen, die abgelaufenen Kalorien zu ersetzen und den Tag nochmals Revue passieren zu lassen.<\/p>\n<p>So lernen wir unser \u201eL\u00e4ndle\u201c kennen und vertiefen die Kontakte untereinander. Habt ihr Gefallen an dieser kurzen Vorstellung gefunden? Dann w\u00fcrden wir uns freuen, euch an einem der n\u00e4chsten Treffpunkte begr\u00fc\u00dfen zu k\u00f6nnen. Keine Angst, wir bei\u00dfen nicht.<\/p>\n","protected":false},"excerpt":{"rendered":"<p>Wandern beim SSF Wer da glaubt, dass Sonnenfreunde nur nackt auf der Strandmatte liegen und sich den Bauch bescheinen lassen, irrt gewaltig. Jedes Jahr im Fr\u00fchjahr und\/oder im Herbst wandern wir an einem Samstag in der nahen oder weiteren Umgebung unserer Landeshauptstadt. Der Termin hat einen festen Platz im Terminkalender und wird von vielen Mitgliedern &hellip; <a href=\"http:\/\/www.ssf-stuttgart.de\/wordpress\/sport-2\/wandern-2\/\" class=\"more-link\"><span class=\"screen-reader-text\">Wandern<\/span> weiterlesen <span class=\"meta-nav\">&rarr;<\/span><\/a><\/p>\n","protected":false},"author":1,"featured_media":0,"parent":25,"menu_order":0,"comment_status":"closed","ping_status":"closed","template":"","meta":{"footnotes":""},"class_list":["post-36","page","type-page","status-publish","hentry"],"_links":{"self":[{"href":"http:\/\/www.ssf-stuttgart.de\/wordpress\/wp-json\/wp\/v2\/pages\/36","targetHints":{"allow":["GET"]}}],"collection":[{"href":"http:\/\/www.ssf-stuttgart.de\/wordpress\/wp-json\/wp\/v2\/pages"}],"about":[{"href":"http:\/\/www.ssf-stuttgart.de\/wordpress\/wp-json\/wp\/v2\/types\/page"}],"author":[{"embeddable":true,"href":"http:\/\/www.ssf-stuttgart.de\/wordpress\/wp-json\/wp\/v2\/users\/1"}],"replies":[{"embeddable":true,"href":"http:\/\/www.ssf-stuttgart.de\/wordpress\/wp-json\/wp\/v2\/comments?post=36"}],"version-history":[{"count":4,"href":"http:\/\/www.ssf-stuttgart.de\/wordpress\/wp-json\/wp\/v2\/pages\/36\/revisions"}],"predecessor-version":[{"id":1197,"href":"http:\/\/www.ssf-stuttgart.de\/wordpress\/wp-json\/wp\/v2\/pages\/36\/revisions\/1197"}],"up":[{"embeddable":true,"href":"http:\/\/www.ssf-stuttgart.de\/wordpress\/wp-json\/wp\/v2\/pages\/25"}],"wp:attachment":[{"href":"http:\/\/www.ssf-stuttgart.de\/wordpress\/wp-json\/wp\/v2\/media?parent=36"}],"curies":[{"name":"wp","href":"https:\/\/api.w.org\/{rel}","templated":true}]}}