{"id":38,"date":"2016-01-23T20:44:44","date_gmt":"2016-01-23T19:44:44","guid":{"rendered":"http:\/\/www.ssf-stuttgart.de\/wordpress\/?page_id=38"},"modified":"2026-02-26T20:26:15","modified_gmt":"2026-02-26T19:26:15","slug":"nordic-walking-2","status":"publish","type":"page","link":"http:\/\/www.ssf-stuttgart.de\/wordpress\/sport-2\/nordic-walking-2\/","title":{"rendered":"Nordic Walking"},"content":{"rendered":"<p>&nbsp;<\/p>\n<h3>Nordic Walking beim SSF<\/h3>\n<p>Allein, zu zweit oder in der Gruppe.\u00a0Kilometerlange Waldwege beginnen unmittelbar am Gel\u00e4nde und bieten optimale M\u00f6glichkeiten zum Wandern, Walken, Nordic Walking oder Joggen. Ja sie laden geradezu dazu ein.<\/p>\n<p>Zahlreiche Rundkurse zwischen ca. 4 km und ca. 8 km L\u00e4nge, lassen sich beliebig miteinander kombinieren. Etliche Verbindungswege bieten bei Bedarf auch die M\u00f6glichkeit einer Abk\u00fcrzung.<\/p>\n<p>Individuelle Strecken<br \/>\nJeder kann eine seinem K\u00f6nnen angepasste Strecke zusammen stellen und dabei H\u00f6henunterschiede von bis zu 70 m mit einbeziehen.<\/p>\n<p>In den Sommermonaten bieten wir unregelm\u00e4\u00dfig sonntags vormittags gemeinsames Walken oder Nordic Walking an. Um keinen zu \u00fcberfordern und den Spa\u00df am Walken zu erhalten oder zu wecken, erfolgt eine leistungsorientierte Gruppeneinteilung.<\/p>\n<p>&nbsp;<\/p>\n","protected":false},"excerpt":{"rendered":"<p>&nbsp; Nordic Walking beim SSF Allein, zu zweit oder in der Gruppe.\u00a0Kilometerlange Waldwege beginnen unmittelbar am Gel\u00e4nde und bieten optimale M\u00f6glichkeiten zum Wandern, Walken, Nordic Walking oder Joggen. Ja sie laden geradezu dazu ein. Zahlreiche Rundkurse zwischen ca. 4 km und ca. 8 km L\u00e4nge, lassen sich beliebig miteinander kombinieren. Etliche Verbindungswege bieten bei Bedarf &hellip; <a href=\"http:\/\/www.ssf-stuttgart.de\/wordpress\/sport-2\/nordic-walking-2\/\" class=\"more-link\"><span class=\"screen-reader-text\">Nordic Walking<\/span> weiterlesen <span class=\"meta-nav\">&rarr;<\/span><\/a><\/p>\n","protected":false},"author":1,"featured_media":0,"parent":25,"menu_order":0,"comment_status":"closed","ping_status":"closed","template":"","meta":{"footnotes":""},"class_list":["post-38","page","type-page","status-publish","hentry"],"_links":{"self":[{"href":"http:\/\/www.ssf-stuttgart.de\/wordpress\/wp-json\/wp\/v2\/pages\/38","targetHints":{"allow":["GET"]}}],"collection":[{"href":"http:\/\/www.ssf-stuttgart.de\/wordpress\/wp-json\/wp\/v2\/pages"}],"about":[{"href":"http:\/\/www.ssf-stuttgart.de\/wordpress\/wp-json\/wp\/v2\/types\/page"}],"author":[{"embeddable":true,"href":"http:\/\/www.ssf-stuttgart.de\/wordpress\/wp-json\/wp\/v2\/users\/1"}],"replies":[{"embeddable":true,"href":"http:\/\/www.ssf-stuttgart.de\/wordpress\/wp-json\/wp\/v2\/comments?post=38"}],"version-history":[{"count":7,"href":"http:\/\/www.ssf-stuttgart.de\/wordpress\/wp-json\/wp\/v2\/pages\/38\/revisions"}],"predecessor-version":[{"id":2491,"href":"http:\/\/www.ssf-stuttgart.de\/wordpress\/wp-json\/wp\/v2\/pages\/38\/revisions\/2491"}],"up":[{"embeddable":true,"href":"http:\/\/www.ssf-stuttgart.de\/wordpress\/wp-json\/wp\/v2\/pages\/25"}],"wp:attachment":[{"href":"http:\/\/www.ssf-stuttgart.de\/wordpress\/wp-json\/wp\/v2\/media?parent=38"}],"curies":[{"name":"wp","href":"https:\/\/api.w.org\/{rel}","templated":true}]}}