{"id":9,"date":"2016-01-23T19:25:48","date_gmt":"2016-01-23T18:25:48","guid":{"rendered":"http:\/\/www.ssf-stuttgart.de\/wordpress\/?page_id=9"},"modified":"2026-04-12T14:43:30","modified_gmt":"2026-04-12T12:43:30","slug":"schnuppern","status":"publish","type":"page","link":"http:\/\/www.ssf-stuttgart.de\/wordpress\/hallo\/schnuppern\/","title":{"rendered":"Schnuppern"},"content":{"rendered":"<h3>Unser Schnupperangebot<\/h3>\n<p>F\u00fcr neue Mitglieder bzw. Interessenten bieten wir gerne sogenannte Schnuppermitgliedschaften an.<\/p>\n<p>So haben diese die M\u00f6glichkeit, uns und unseren Freizeitpark kennen zu lernen, ohne bereits Verpflichtungen, wie Arbeitsstunden oder Hausdienste eingehen zu m\u00fcssen.<\/p>\n<p>Am Ortsrand von Wurmberg im Enzkreis (vor den Toren Pforzheims) besitzen wir ein ca. 42.000 m\u00b2 gro\u00dfes park\u00e4hnliches Naturgel\u00e4nde mit vielen B\u00e4umen, Gr\u00fcnfl\u00e4chen, Sportanlagen, gro\u00dfem Spielplatz, Schwimmbad und Vereinsheim und einer herrlichen Aussicht auf die Schwarzwaldausl\u00e4ufer.<\/p>\n<p>Die Schnuppermitgliedschaften beginnen <strong>ab 15. April,<\/strong> enden am <strong>15. Oktober<\/strong> eines Jahres und kosten <strong>80,00 \u20ac f\u00fcr die Familieneinheit<\/strong> und <strong>50,00 \u20ac f\u00fcr die Einzelperson,<\/strong> <strong>zuz\u00fcglich einer Aufnahmegeb\u00fchr von 25,00 \u20ac pro Erwachsener<\/strong>. Bereits w\u00e4hrend der Schnuppermitgliedschaft kann bei Bedarf ein Wohnwagenstellplatz gemietet werden.<\/p>\n<p>Bei einer Stellplatzbelegung von zur Zeit ca. 75 % k\u00f6nnen sich Interessenten bei uns aus den freien Stellpl\u00e4tzen, den f\u00fcr sie Sch\u00f6nsten heraussuchen. Viele Neumitgliedschaften aus den letzten Jahren gehen auf eine vorherige Schnuppermitgliedschaft zur\u00fcck.<\/p>\n<p>Wir hoffen, diese Seiten haben neugierig gemacht und veranlassen zu einem Besuch bei uns. Wir laden hierzu herzlich ein\u2026<\/p>\n<p><a href=\"http:\/\/www.ssf-stuttgart.de\/wordpress\/wp-content\/uploads\/2026\/04\/Schnupperangebot_neutral.pdf\" target=\"_blank\" rel=\"noopener\">Angebot<\/a><\/p>\n<p>&nbsp;<\/p>\n","protected":false},"excerpt":{"rendered":"<p>Unser Schnupperangebot F\u00fcr neue Mitglieder bzw. Interessenten bieten wir gerne sogenannte Schnuppermitgliedschaften an. So haben diese die M\u00f6glichkeit, uns und unseren Freizeitpark kennen zu lernen, ohne bereits Verpflichtungen, wie Arbeitsstunden oder Hausdienste eingehen zu m\u00fcssen. Am Ortsrand von Wurmberg im Enzkreis (vor den Toren Pforzheims) besitzen wir ein ca. 42.000 m\u00b2 gro\u00dfes park\u00e4hnliches Naturgel\u00e4nde mit &hellip; <a href=\"http:\/\/www.ssf-stuttgart.de\/wordpress\/hallo\/schnuppern\/\" class=\"more-link\"><span class=\"screen-reader-text\">Schnuppern<\/span> weiterlesen <span class=\"meta-nav\">&rarr;<\/span><\/a><\/p>\n","protected":false},"author":1,"featured_media":0,"parent":1995,"menu_order":0,"comment_status":"closed","ping_status":"closed","template":"","meta":{"footnotes":""},"class_list":["post-9","page","type-page","status-publish","hentry"],"_links":{"self":[{"href":"http:\/\/www.ssf-stuttgart.de\/wordpress\/wp-json\/wp\/v2\/pages\/9","targetHints":{"allow":["GET"]}}],"collection":[{"href":"http:\/\/www.ssf-stuttgart.de\/wordpress\/wp-json\/wp\/v2\/pages"}],"about":[{"href":"http:\/\/www.ssf-stuttgart.de\/wordpress\/wp-json\/wp\/v2\/types\/page"}],"author":[{"embeddable":true,"href":"http:\/\/www.ssf-stuttgart.de\/wordpress\/wp-json\/wp\/v2\/users\/1"}],"replies":[{"embeddable":true,"href":"http:\/\/www.ssf-stuttgart.de\/wordpress\/wp-json\/wp\/v2\/comments?post=9"}],"version-history":[{"count":15,"href":"http:\/\/www.ssf-stuttgart.de\/wordpress\/wp-json\/wp\/v2\/pages\/9\/revisions"}],"predecessor-version":[{"id":2538,"href":"http:\/\/www.ssf-stuttgart.de\/wordpress\/wp-json\/wp\/v2\/pages\/9\/revisions\/2538"}],"up":[{"embeddable":true,"href":"http:\/\/www.ssf-stuttgart.de\/wordpress\/wp-json\/wp\/v2\/pages\/1995"}],"wp:attachment":[{"href":"http:\/\/www.ssf-stuttgart.de\/wordpress\/wp-json\/wp\/v2\/media?parent=9"}],"curies":[{"name":"wp","href":"https:\/\/api.w.org\/{rel}","templated":true}]}}